{"id":21,"date":"2019-06-12T19:19:06","date_gmt":"2019-06-12T17:19:06","guid":{"rendered":"http:\/\/durgun-avocat.fr\/?page_id=21"},"modified":"2025-12-17T11:20:42","modified_gmt":"2025-12-17T10:20:42","slug":"a-propos-de","status":"publish","type":"page","link":"https:\/\/www.durgun-avocat.fr\/","title":{"rendered":"Le Cabinet"},"content":{"rendered":"\n<p class=\"has-text-color\" style=\"color:#390047;font-size:40px\"><strong>Aysel DURGUN<\/strong><\/p>\n\n\n\n<div class=\"wp-block-group is-vertical is-layout-flex wp-container-core-group-is-layout-8cf370e7 wp-block-group-is-layout-flex\">\n<p class=\"has-text-color\" style=\"color:#390047;font-size:33px\">Avocat au Barreau de Strasbourg<\/p>\n\n\n\n<p class=\"has-text-color\" style=\"color:#390047;font-size:33px\">Docteur en droit public<\/p>\n<\/div>\n\n\n\n<div class=\"wp-block-columns is-layout-flex wp-container-core-columns-is-layout-9d6595d7 wp-block-columns-is-layout-flex\">\n<div class=\"wp-block-column is-layout-flow wp-block-column-is-layout-flow\" style=\"flex-basis:100%\">\n<figure class=\"wp-block-gallery alignleft has-nested-images columns-default is-cropped wp-block-gallery-1 is-layout-flex wp-block-gallery-is-layout-flex\">\n<figure class=\"wp-block-image size-large\"><img loading=\"lazy\" decoding=\"async\" width=\"731\" height=\"1024\" data-id=\"512\" src=\"https:\/\/www.durgun-avocat.fr\/wp-content\/uploads\/2025\/11\/Aysel_website_profile-picture-4-731x1024.jpg\" alt=\"\" class=\"wp-image-512\" srcset=\"https:\/\/www.durgun-avocat.fr\/wp-content\/uploads\/2025\/11\/Aysel_website_profile-picture-4-731x1024.jpg 731w, https:\/\/www.durgun-avocat.fr\/wp-content\/uploads\/2025\/11\/Aysel_website_profile-picture-4-214x300.jpg 214w, https:\/\/www.durgun-avocat.fr\/wp-content\/uploads\/2025\/11\/Aysel_website_profile-picture-4-768x1075.jpg 768w, https:\/\/www.durgun-avocat.fr\/wp-content\/uploads\/2025\/11\/Aysel_website_profile-picture-4-1097x1536.jpg 1097w, https:\/\/www.durgun-avocat.fr\/wp-content\/uploads\/2025\/11\/Aysel_website_profile-picture-4-1463x2048.jpg 1463w, https:\/\/www.durgun-avocat.fr\/wp-content\/uploads\/2025\/11\/Aysel_website_profile-picture-4-scaled.jpg 1829w\" sizes=\"auto, (max-width: 731px) 100vw, 731px\" \/><\/figure>\n<\/figure>\n<\/div>\n<\/div>\n\n\n\n<p>Avocat au Barreau de Strasbourg depuis 2019, Ma\u00eetre Aysel DURGUN  intervient exclusivement en droit public.<\/p>\n\n\n\n<p>Apr\u00e8s avoir exerc\u00e9 dans deux cabinets d&rsquo;avocats sp\u00e9cialis\u00e9s en droit public \u00e0 Strasbourg, et forte de son exp\u00e9rience professionnelle acquise au sein de diff\u00e9rentes administrations publiques, Ma\u00eetre Aysel DURGUN conseille et repr\u00e9sente une client\u00e8le d&rsquo;institutionnels, d&rsquo;entreprises et de particuliers.<\/p>\n\n\n\n<p>Ses domaines d&rsquo;intervention privil\u00e9gi\u00e9s sont le droit de la commande publique et le droit de l&rsquo;urbanisme.<\/p>\n\n\n\n<p>Reconnue pour sa capacit\u00e9 \u00e0 g\u00e9rer des dossiers complexes, Ma\u00eetre Aysel DURGUN est au service de clients exigeants recherchant un accompagnement sur mesure.<\/p>\n\n\n\n<p>Elle intervient au Conservatoire National des Arts et M\u00e9tiers Grand-Est (CNAM).<\/p>\n\n\n\n<p>Son style? Clair, p\u00e9dagogique, sans emphase inutile.<\/p>\n\n\n\n<h2 class=\"wp-block-heading\"><span class=\"wp-rich-text-font-awesome-icon wp-font-awesome-icon\"><svg aria-hidden=\"true\" focusable=\"false\" data-prefix=\"fas\" data-icon=\"handshake\" class=\"svg-inline--fa fa-handshake \" role=\"img\" xmlns=\"http:\/\/www.w3.org\/2000\/svg\" viewBox=\"0 0 576 512\"><path fill=\"currentColor\" d=\"M268.9 85.2L152.3 214.8c-4.6 5.1-4.4 13 .5 17.9 30.5 30.5 80 30.5 110.5 0l31.8-31.8c4.2-4.2 9.5-6.5 14.9-6.9 6.8-.6 13.8 1.7 19 6.9L505.6 376 576 320 576 32 464 96 440.2 80.1C424.4 69.6 405.9 64 386.9 64l-70.4 0c-1.1 0-2.3 0-3.4 .1-16.9 .9-32.8 8.5-44.2 21.1zM116.6 182.7L223.4 64 183.8 64c-25.5 0-49.9 10.1-67.9 28.1L112 96 0 32 0 320 156.4 450.3c23 19.2 52 29.7 81.9 29.7l15.7 0-7-7c-9.4-9.4-9.4-24.6 0-33.9s24.6-9.4 33.9 0l41 41 9 0c19.1 0 37.8-4.3 54.8-12.3L359 441c-9.4-9.4-9.4-24.6 0-33.9s24.6-9.4 33.9 0l32 32 17.5-17.5c8.9-8.9 11.5-21.8 7.6-33.1l-137.9-136.8-14.9 14.9c-49.3 49.3-129.1 49.3-178.4 0-23-23-23.9-59.9-2.2-84z\"><\/path><\/svg><\/span> ENGAGEMENTS DU CABINET<\/h2>\n\n\n\n<ul class=\"wp-block-list\">\n<li>Discr\u00e9tion absolue et confidentialit\u00e9<\/li>\n\n\n\n<li>Accompagnement personnalis\u00e9 pour une analyse fine et adapt\u00e9e aux besoins du client<\/li>\n\n\n\n<li>Excellence technique pour des solutions pragmatiques, r\u00e9alistes et efficaces<\/li>\n\n\n\n<li>R\u00e9activit\u00e9 : disponibilit\u00e9, \u00e9coute active, communication fluide et sans \u00e9quivoque, suivi rigoureux du dossier<\/li>\n<\/ul>\n\n\n\n<p><\/p>\n\n\n\n<p><\/p>\n","protected":false},"excerpt":{"rendered":"<p>Aysel DURGUN Avocat au Barreau de Strasbourg Docteur en droit public Avocat au Barreau de Strasbourg depuis 2019, Ma\u00eetre Aysel DURGUN intervient exclusivement en droit public. Apr\u00e8s avoir exerc\u00e9 dans deux cabinets d&rsquo;avocats sp\u00e9cialis\u00e9s en droit public \u00e0 Strasbourg, et forte de son exp\u00e9rience professionnelle acquise au sein de diff\u00e9rentes administrations publiques, Ma\u00eetre Aysel DURGUN &hellip; <\/p>\n<p class=\"link-more\"><a href=\"https:\/\/www.durgun-avocat.fr\/\" class=\"more-link\">Continuer la lecture<span class=\"screen-reader-text\"> de &laquo;&nbsp;Le Cabinet&nbsp;&raquo;<\/span><\/a><\/p>\n","protected":false},"author":1,"featured_media":0,"parent":0,"menu_order":0,"comment_status":"closed","ping_status":"closed","template":"","meta":{"footnotes":""},"class_list":["post-21","page","type-page","status-publish","hentry"],"_links":{"self":[{"href":"https:\/\/www.durgun-avocat.fr\/index.php\/wp-json\/wp\/v2\/pages\/21","targetHints":{"allow":["GET"]}}],"collection":[{"href":"https:\/\/www.durgun-avocat.fr\/index.php\/wp-json\/wp\/v2\/pages"}],"about":[{"href":"https:\/\/www.durgun-avocat.fr\/index.php\/wp-json\/wp\/v2\/types\/page"}],"author":[{"embeddable":true,"href":"https:\/\/www.durgun-avocat.fr\/index.php\/wp-json\/wp\/v2\/users\/1"}],"replies":[{"embeddable":true,"href":"https:\/\/www.durgun-avocat.fr\/index.php\/wp-json\/wp\/v2\/comments?post=21"}],"version-history":[{"count":37,"href":"https:\/\/www.durgun-avocat.fr\/index.php\/wp-json\/wp\/v2\/pages\/21\/revisions"}],"predecessor-version":[{"id":567,"href":"https:\/\/www.durgun-avocat.fr\/index.php\/wp-json\/wp\/v2\/pages\/21\/revisions\/567"}],"wp:attachment":[{"href":"https:\/\/www.durgun-avocat.fr\/index.php\/wp-json\/wp\/v2\/media?parent=21"}],"curies":[{"name":"wp","href":"https:\/\/api.w.org\/{rel}","templated":true}]}}